 5*o + 45 = 0. Let l(i) = 4*i**2 + 14*i + 39. Let m be l(y). What is the highest common factor of m and 46?
23
Let u(b) = 3*b**3 + 5*b**2 - 29*b + 25. Let k be u(1). What is the highest common divisor of k and 484?
4
Suppose 20*d - d = 1577. Calculate the highest common factor of 2241 and d.
83
Let j(n) be the second derivative of 19*n**4/3 - n**3/3 - 3*n**2/2 + 109*n. Let o be j(2). What is the highest common divisor of 33 and o?
33
Let k(r) = -6*r**2 + 79*r - 220. Let p be k(9). Calculate the greatest common divisor of p and 320.
5
Suppose -126*m = -117*m + 36. Let n be 1/m*-4 + (-276)/(-4). What is the highest common divisor of 35 and n?
35
Suppose 0*v + 4*v - 1080 = 0. Let c = 10585 - 10555. Calculate the highest common divisor of c and v.
30
Let v be (6/(-4))/(1/12*-2). Suppose 640 = v*w - w. Calculate the highest common divisor of 20 and w.
20
Let i = 3586 - 3510. Calculate the greatest common divisor of 418 and i.
38
Let h be (3/(-9))/(9/(-2295)). Suppose -3*q + h = -5*a, 4*q - 3*a = -63 + 180. What is the greatest common divisor of q and 510?
30
Suppose -39*z - 21*z = -3480. What is the highest common divisor of 4582 and z?
58
Let w = -329 - -317. Let j(u) = 8*u + 111. Let i be j(w). Let n be -12*(-2)/(24/255). What is the highest common divisor of n and i?
15
Let d = -704 + 716. Suppose 0*k - 6 = -3*k. Suppose -208 = -3*r + r - k*i, 4*i + 340 = 3*r. What is the highest common factor of r and d?
12
Let b = -432 - -504. Let a = -8 + -3. Let p be (a + -1)/((-6)/4). What is the greatest common divisor of b and p?
8
Let k(y) = y**3 + y**2 + 52. Let l be k(0). Suppose o + 87 = -86. Let b = -43 - o. What is the greatest common divisor of b and l?
26
Let h = -7 - -20. Let k(j) = -20*j - 227. Let o be k(-12). Calculate the highest common factor of o and h.
13
Let i be 1178/(51/3 + -15). What is the greatest common factor of i and 62?
31
Suppose -4*a + 5*a = -4*d - 43, 4*d - 129 = 3*a. Let w = a + -69. Let i = -109 - w. What is the highest common factor of 3 and i?
3
Let q(b) = -7*b - b**2 - b**2 + 28*b - 1 + 18*b. Let w be q(19). What is the highest common factor of 6 and w?
6
Suppose -20*n + 188348 = -176912. Suppose n = 11*t + 938. Calculate the highest common divisor of t and 45.
45
Let u be (0 + -96)*(-1 - 0). Let k = 445 + -443. Let f be (-2 + (k - 33) + -3)*-4. What is the highest common divisor of f and u?
48
Suppose 0 = -q - 5*r + 100, -21 + 46 = -5*r. Let f be (108/5)/(50/q). What is the highest common divisor of 162 and f?
54
Suppose 0 = 4*f + 29 - 81. Suppose -33 = -5*o - f. Suppose 3*c = -a + 101, -3*a = -o*c + 2*c - 336. What is the highest common divisor of a and 22?
22
Let l = -6763 - -6817. Suppose 0 = -5*a + 2*f + 728, -2*a - f + 716 = 3*a. Calculate the highest common factor of a and l.
18
Let h(m) be the first derivative of -m**3/3 - 15*m**2/2 + 42*m + 29. Let j be h(-16). What is the greatest common divisor of j and 91?
13
Let k(h) = 3*h + 1180. Let n be k(0). Suppose -15*t + n + 2210 = 0. Suppose -b + 26 + t = 0. Calculate the highest common divisor of 28 and b.
28
Suppose 0 = 8*f + 2*f - 1520. Let x = -560 - -579. What is the greatest common divisor of f and x?
19
Suppose 14*b + 66 = 11*b. Let m be ((-144)/(-54))/((-2)/3). Let j = m - b. What is the greatest common factor of 2 and j?
2
Suppose -5*l = 2*p - 3595, 6*l - 1417 = 4*l - 5*p. Calculate the highest common divisor of 1339 and l.
103
Suppose -2*k = -r - 749, -8*k = -10*k + 4*r + 740. What is the highest common factor of k and 88?
8
Let v(h) = -18*h - 51. Let y be v(-4). Calculate the highest common factor of y and 2037.
21
Suppose -4*n + 4*t = 9*t - 589, 5*t = -n + 121. Let k = 136 + -84. Calculate the highest common divisor of k and n.
52
Let s(a) = 7*a - 10. Let b be s(11). Suppose 9*x - 41 = b. Calculate the highest common divisor of 300 and x.
12
Let q(n) = -n**3 - 3*n**2 + 52*n - 6. Let v be q(-9). What is the greatest common factor of v and 996?
12
Suppose -73*u = 25*u - 10*u - 106392. What is the highest common divisor of u and 78?
39
Let m be ((-48)/15)/((-20 + 4)/160). Calculate the highest common divisor of m and 1152.
32
Let t(f) = f**3 - 23*f**2 + 204*f + 11. Let a be t(13). Calculate the highest common divisor of a and 21.
7
Suppose -67 = 16*z - 366 - 149. Calculate the greatest common divisor of z and 1834.
14
Suppose g - 7*g = -g. Suppose -2*j + 116 + 80 = g. What is the greatest common factor of j and 147?
49
Let i = 5 - 1. Suppose 4*h - 390 = -5*r - 77, i*h + 3*r = 311. Suppose -88*z - 101*z + 172*z = -119. What is the highest common divisor of z and h?
7
Let s = -9 + -23. Let l = s - -38. Let p = l + 4. Calculate the greatest common factor of 10 and p.
10
Let i(j) = -j**2 - 17*j + 71. Let t be i(-10). Suppose -t*x = -142*x + 12. Calculate the greatest common factor of 54 and x.
6
Suppose k + 4*r - 114 = 0, 5 = -0*r + r. Let a = -55 + k. Suppose -2*s - 87 = -2*v - 27, 10 = v + 4*s. What is the highest common factor of v and a?
13
Let y be (-6)/(-4 + 86/20). Let i = 202 + y. Suppose 56 = 2*d - 4*o, 4*d - 7*d - 5*o = -73. Calculate the highest common factor of i and d.
26
Suppose -2*h - n + 115 = 0, 4*h + 4*n = 160 + 72. Calculate the highest common divisor of h and 3705.
57
Suppose -36 + 141 = 21*g. Suppose 896 = 5*a + 4*y, -884 = -5*a + 4*y - g*y. What is the highest common divisor of 55 and a?
11
Let m be 26/((4/14)/(24/14)). Suppose 40*l + 84 = 47*l. Calculate the highest common divisor of l and m.
12
Let n(o) = -2*o**3 - 10*o**2 - 15*o - 28. Let q be n(-8). Calculate the greatest common divisor of 308 and q.
28
Let f be (380/456)/((-30)/(-1872)). Suppose -2*j = 2*j - 52. What is the greatest common divisor of j and f?
13
Suppose 3193 = 72*v + 31*v - 39655. Let y = -26 - -58. What is the highest common divisor of y and v?
32
Let n(r) = 2*r**3 - 10*r**2 + 5*r + 8. Let f be n(6). Let t be (660/6)/2 - (-10 + -1). What is the greatest common factor of t and f?
22
Let y be ((-8)/6)/(6/(-1305)). Suppose 96 = 17*t - 74. What is the highest common factor of y and t?
10
Let g(z) = -2*z**3 - 3*z**2 + 12*z + 1. Let q be g(-4). Let y(t) = -t**2 + 43*t - 302. Let x be y(q). What is the greatest common factor of x and 44?
4
Let k be (-203)/((-21)/(-14) + -2). Calculate the highest common divisor of 70 and k.
14
Let p(c) = 276*c - 263. Let z be p(1). Calculate the highest common factor of z and 403.
13
Let s = -488 + 488. Let u be (28 - s) + 120/40. What is the highest common factor of u and 496?
31
Suppose -3*w + 272 = 2*x, -234*x = 4*w - 238*x - 376. Let m be 70 - (5 - 20/5). What is the highest common factor of m and w?
23
Suppose -7*t + 8982 - 2652 = 5*g, 5*t - 4530 = -5*g. Calculate the greatest common factor of t and 260.
20
Let q = 5 - -50. Let w(j) = -j**2 + 27*j - 63. Let f be w(7). Calculate the greatest common factor of f and q.
11
Let c(l) = 15*l + 9. Let f be c(4). Let z = f - 52. What is the highest common divisor of 323 and z?
17
Suppose 2*k - 11 + 11 = 0. Let x be (k - -1 - -545)*(-77)/(-21). Suppose 16*d - x = 9*d. What is the highest common divisor of 26 and d?
26
Let j = 24367 - 24358. Calculate the highest common divisor of 7299 and j.
9
Suppose 21 = 5*r - 2*r. Let o = -76 - -56. Let p = 8 - o. What is the highest common divisor of p and r?
7
Let q(h) = h**2 - 4*h + 17. Let i be q(11). Let g = 102 - i. Calculate the highest common divisor of 32 and g.
8
Suppose 42 = 6*h + 102. Let g be (-2 + (-136)/16)*h. Calculate the greatest common divisor of g and 140.
35
Suppose -2*z + 44 = -32. Let r = 40 - z. Suppose r*j = 4*v - 173 - 177, 5*v - 5*j - 435 = 0. What is the highest common divisor of v and 22?
22
Let p = 2202 - 2172. Suppose -3*t - 5 = 10, -5*h + 2*t + 1060 = 0. What is the greatest common factor of h and p?
30
Let j(h) = 15*h + 214. Let b be j(-14). Let f(x) = 11*x**2 + 7*x - 32. Let u be f(b). What is the highest common divisor of 215 and u?
43
Suppose 9*y = 269 + 163. Suppose 0 = 2*z + 14 - y. Let d = 265 - -24. What is the highest common divisor of d and z?
17
Suppose 2*a + 4*w - 36 = 0, 147*a - 151*a = 3*w - 52. Calculate the greatest common divisor of a and 138.
2
Suppose 2*w + 2*s = 18, 0*s = s - 3. Suppose -4*a + 69 = 9. Let z be a/w*((-204)/5)/(-3). Calculate the highest common divisor of 2 and z.
2
Let w(a) = a**2 + 4*a - 